{"id":42,"date":"2025-07-03T14:47:14","date_gmt":"2025-07-03T14:47:14","guid":{"rendered":"https:\/\/bauspenglerei-lueoend.ch\/?page_id=42"},"modified":"2025-08-01T15:42:58","modified_gmt":"2025-08-01T15:42:58","slug":"ueber-uns","status":"publish","type":"page","link":"https:\/\/bauspenglerei-lueoend.ch\/?page_id=42","title":{"rendered":"\u00dcber uns"},"content":{"rendered":"\n<p>Mein Name ist Kim L\u00fc\u00f6nd und ich habe im Juni 2025 den Schritt in die Selbstst\u00e4ndigkeit gewagt.<br>Der Sitz meines Unternehmens befindet sich im sch\u00f6nen Siblingen, im Kanton Schaffhausen.<\/p>\n\n\n\n<p>Meine berufliche Laufbahn begann mit der Ausbildung zum Bauspengler. Im Jahr 2024 habe ich mit grossem Engagement die Weiterbildung zum Spenglerpolier erfolgreich abgeschlossen. Diese Qualifikation hat nicht nur meine Fachkenntnisse vertieft, sondern auch meine Begeisterung f\u00fcr das Handwerk weiter gest\u00e4rkt.<\/p>\n\n\n\n<p>Mit Leidenschaft, Pr\u00e4zision und fundiertem Fachwissen stehe ich f\u00fcr saubere, zuverl\u00e4ssige Arbeit auf h\u00f6chstem handwerklichen Niveau.<br>Qualit\u00e4t, P\u00fcnktlichkeit und Ehrlichkeit sind f\u00fcr mich nicht nur Schlagworte, sondern gelebte Werte \u2013 denn gerade im Handwerk z\u00e4hlen Verl\u00e4sslichkeit und Vertrauen.<\/p>\n\n\n\n<p>Mein Anspruch ist es, Ihre W\u00fcnsche und Vorstellungen bestm\u00f6glich umzusetzen und dabei h\u00f6chste Standards einzuhalten. Eine offene, transparente Kommunikation und eine enge Zusammenarbeit sind f\u00fcr mich entscheidend, um Projekte erfolgreich und zu Ihrer vollsten Zufriedenheit zu realisieren.<\/p>\n\n\n\n<p>Ich freue mich darauf, gemeinsam mit Ihnen kreative und durchdachte L\u00f6sungen zu finden \u2013 und Ihre Projekte mit Herzblut umzusetzen!<\/p>\n\n\n\n<div class=\"wp-block-columns is-layout-flex wp-container-core-columns-is-layout-9d6595d7 wp-block-columns-is-layout-flex\">\n<div class=\"wp-block-column is-layout-flow wp-block-column-is-layout-flow\">\n<figure class=\"wp-block-image size-large is-resized\"><img loading=\"lazy\" decoding=\"async\" width=\"682\" height=\"1024\" src=\"https:\/\/bauspenglerei-lueoend.ch\/wp-content\/uploads\/2025\/07\/kim-57-2-682x1024.jpg\" alt=\"\" class=\"wp-image-49\" style=\"width:283px;height:auto\"\/><figcaption class=\"wp-element-caption\">Kim L\u00fc\u00f6nd, Gesch\u00e4ftsf\u00fchrer<\/figcaption><\/figure>\n<\/div>\n\n\n\n<div class=\"wp-block-column is-layout-flow wp-block-column-is-layout-flow\">\n<figure class=\"wp-block-image size-large is-resized\"><img loading=\"lazy\" decoding=\"async\" width=\"1921\" height=\"2560\" src=\"https:\/\/bauspenglerei-lueoend.ch\/wp-content\/uploads\/2025\/07\/kim-147-2-edited-scaled.jpg\" alt=\"\" class=\"wp-image-180\" style=\"width:319px;height:auto\" srcset=\"https:\/\/bauspenglerei-lueoend.ch\/wp-content\/uploads\/2025\/07\/kim-147-2-edited-scaled.jpg 1921w, https:\/\/bauspenglerei-lueoend.ch\/wp-content\/uploads\/2025\/07\/kim-147-2-edited-225x300.jpg 225w, https:\/\/bauspenglerei-lueoend.ch\/wp-content\/uploads\/2025\/07\/kim-147-2-edited-769x1024.jpg 769w, https:\/\/bauspenglerei-lueoend.ch\/wp-content\/uploads\/2025\/07\/kim-147-2-edited-768x1023.jpg 768w, https:\/\/bauspenglerei-lueoend.ch\/wp-content\/uploads\/2025\/07\/kim-147-2-edited-1153x1536.jpg 1153w, https:\/\/bauspenglerei-lueoend.ch\/wp-content\/uploads\/2025\/07\/kim-147-2-edited-1537x2048.jpg 1537w\" sizes=\"auto, (max-width: 1921px) 100vw, 1921px\" \/><figcaption class=\"wp-element-caption\">Viviane Vich, Administration &amp; Buchhaltung<\/figcaption><\/figure>\n<\/div>\n<\/div>\n\n\n\n<p><\/p>\n\n\n\n<p><\/p>\n","protected":false},"excerpt":{"rendered":"<p>Mein Name ist Kim L\u00fc\u00f6nd und ich habe im Juni 2025 den Schritt in die Selbstst\u00e4ndigkeit gewagt.Der Sitz meines Unternehmens befindet sich im sch\u00f6nen Siblingen, im Kanton Schaffhausen. Meine berufliche Laufbahn begann mit der Ausbildung zum Bauspengler. Im Jahr 2024 habe ich mit grossem Engagement die Weiterbildung zum Spenglerpolier erfolgreich abgeschlossen. Diese Qualifikation hat nicht&hellip;&nbsp;<a href=\"https:\/\/bauspenglerei-lueoend.ch\/?page_id=42\" rel=\"bookmark\"><span class=\"screen-reader-text\">\u00dcber uns<\/span><\/a><\/p>\n","protected":false},"author":1,"featured_media":0,"parent":0,"menu_order":0,"comment_status":"closed","ping_status":"closed","template":"","meta":{"neve_meta_sidebar":"","neve_meta_container":"","neve_meta_enable_content_width":"","neve_meta_content_width":0,"neve_meta_title_alignment":"","neve_meta_author_avatar":"","neve_post_elements_order":"","neve_meta_disable_header":"","neve_meta_disable_footer":"","neve_meta_disable_title":"","footnotes":""},"class_list":["post-42","page","type-page","status-publish","hentry"],"_links":{"self":[{"href":"https:\/\/bauspenglerei-lueoend.ch\/index.php?rest_route=\/wp\/v2\/pages\/42","targetHints":{"allow":["GET"]}}],"collection":[{"href":"https:\/\/bauspenglerei-lueoend.ch\/index.php?rest_route=\/wp\/v2\/pages"}],"about":[{"href":"https:\/\/bauspenglerei-lueoend.ch\/index.php?rest_route=\/wp\/v2\/types\/page"}],"author":[{"embeddable":true,"href":"https:\/\/bauspenglerei-lueoend.ch\/index.php?rest_route=\/wp\/v2\/users\/1"}],"replies":[{"embeddable":true,"href":"https:\/\/bauspenglerei-lueoend.ch\/index.php?rest_route=%2Fwp%2Fv2%2Fcomments&post=42"}],"version-history":[{"count":18,"href":"https:\/\/bauspenglerei-lueoend.ch\/index.php?rest_route=\/wp\/v2\/pages\/42\/revisions"}],"predecessor-version":[{"id":225,"href":"https:\/\/bauspenglerei-lueoend.ch\/index.php?rest_route=\/wp\/v2\/pages\/42\/revisions\/225"}],"wp:attachment":[{"href":"https:\/\/bauspenglerei-lueoend.ch\/index.php?rest_route=%2Fwp%2Fv2%2Fmedia&parent=42"}],"curies":[{"name":"wp","href":"https:\/\/api.w.org\/{rel}","templated":true}]}}